 1221203 + 13120?
1300323
In base 3, what is -201110 + 122?
-200211
In base 9, what is 134 + 108?
243
In base 12, what is 4 - 5203?
-51bb
In base 3, what is 12202 - 1121201?
-1101222
In base 14, what is -18 - 5743?
-575b
In base 14, what is -5 - -4718?
4713
In base 11, what is -1142 + -95?
-1227
In base 3, what is -12 + -101020020?
-101020102
In base 11, what is 1304 - 369?
a46
In base 9, what is -67 - 235?
-313
In base 7, what is 21122 - -12?
21134
In base 14, what is 5a - -13d5?
1451
In base 6, what is -1 - 3412343?
-3412344
In base 15, what is -4022 - -2?
-4020
In base 15, what is 9c3 - -25?
9e8
In base 9, what is -2173 + 622?
-1451
In base 14, what is 5 - -120c5?
120ca
In base 16, what is -493 + -1f?
-4b2
In base 8, what is -112 - -600?
466
In base 16, what is -3 + -258d?
-2590
In base 4, what is 1103 - -2001?
3110
In base 13, what is 21543 - 3?
21540
In base 6, what is -14500 + -13?
-14513
In base 5, what is 20 - -1203324?
1203344
In base 2, what is -100001110101 + 1001?
-100001101100
In base 7, what is -21135 + 0?
-21135
In base 4, what is 113111 + -130?
112321
In base 16, what is 159 - cbf?
-b66
In base 9, what is -171616 + -2?
-171618
In base 12, what is -2 + 69380?
6937a
In base 10, what is -21 - -3715?
3694
In base 4, what is 21003 - -1223?
22232
In base 6, what is -42303 - 22?
-42325
In base 16, what is 1e + 29ddd?
29dfb
In base 8, what is 1 + -21107?
-21106
In base 14, what is -40 - -92?
52
In base 15, what is -1824 - -2c?
-17e7
In base 8, what is 3 + 10104253?
10104256
In base 5, what is -104321 - -140?
-104131
In base 9, what is 680 + 83?
773
In base 4, what is -20330121 - -231?
-20323230
In base 9, what is 183348 + -52?
183286
In base 10, what is -3 + -131211?
-131214
In base 14, what is -b + bb85?
bb78
In base 9, what is -215707 + 20?
-215677
In base 16, what is -17b - -6?
-175
In base 7, what is -10500 - -134?
-10333
In base 2, what is -11011111 + -10010?
-11110001
In base 8, what is 47 - 13357?
-13310
In base 16, what is 1 - -3b13f?
3b140
In base 14, what is -422a6 + -8?
-422b0
In base 13, what is -13ba91 - -b?
-13ba83
In base 13, what is -7 - -333c?
3335
In base 9, what is -8 + -175631?
-175640
In base 2, what is -10 + -10100010101011?
-10100010101101
In base 3, what is 12 + 20020201?
20020220
In base 15, what is 0 + 61d3?
61d3
In base 12, what is -24766 + -28?
-24792
In base 10, what is 3950 + -2?
3948
In base 6, what is -241213 - -101?
-241112
In base 5, what is 11404424 - -11?
11404440
In base 11, what is 0 + 67628?
67628
In base 10, what is -42 - -2639?
2597
In base 13, what is 33a64 + -5?
33a5c
In base 11, what is 1 + a5717?
a5718
In base 5, what is 12132321 - -10?
12132331
In base 11, what is 63a - -121?
760
In base 10, what is 50 - 1266?
-1216
In base 9, what is -384 + 373?
-11
In base 5, what is -14 + 41214?
41200
In base 15, what is 28 - -4dd5?
4e0d
In base 11, what is 1 + 239966?
239967
In base 7, what is 4 - 2663164?
-2663160
In base 14, what is 1cd + 82?
271
In base 9, what is -5 - 2074082?
-2074087
In base 5, what is -34100120 - 0?
-34100120
In base 4, what is 10230 + 13100?
23330
In base 9, what is -207 - -1135?
827
In base 5, what is -20 + 1012314?
1012244
In base 9, what is -2048 - 30?
-2078
In base 11, what is -2 + 67a55?
67a53
In base 14, what is -11 + 96ba?
96a9
In base 14, what is -2c3d5 - 19?
-2c410
In base 7, what is 4 + 5536606?
5536613
In base 5, what is -24 - 30144404?
-30144433
In base 16, what is -938 - 325?
-c5d
In base 2, what is -110111100 + -101110110?
-1100110010
In base 10, what is 57158 - 6?
57152
In base 9, what is 828 + -468?
350
In base 10, what is 120 - 649?
-529
In base 15, what is 1b - -3392?
33ad
In base 2, what is 1000 - 11110011100101001?
-11110011100100001
In base 10, what is 3 - -5487?
5490
In base 6, what is 3 - -145250?
145253
In base 15, what is -1419d + 4?
-14199
In base 2, what is 111100110001010110 + -1?
111100110001010101
In base 16, what is -3c82 + 1?
-3c81
In base 2, what is 101111 + 110100001?
111010000
In base 2, what is -1101010 + 11100111?
1111101
In base 7, what is -2244 - -104?
-2140
In base 6, what is 2233 + -240?
1553
In base 3, what is 2200102111 - -12?
2200102200
In base 4, what is 1213022 - -2?
1213030
In base 11, what is 607 - 1a5?
412
In base 14, what is -85446 - -3?
-85443
In base 8, what is -1671 + -2354?
-4245
In base 5, what is -43040 + 240?
-42300
In base 16, what is -92583 + 3?
-92580
In base 15, what is -3 - a16b?
-a16e
In base 8, what is -7061140 - 0?
-7061140
In base 15, what is 5 - -5d1?
5d6
In base 10, what is -889 + 86?
-803
In base 7, what is 36 - 4642?
-4603
In base 4, what is 2102023 + -232?
2101131
In base 15, what is 765ba + -2?
765b8
In base 12, what is 8 + -1b12?
-1b06
In base 15, what is -408d - 1a?
-40a8
In base 12, what is 1a924 - 1?
1a923
In base 7, what is -4 - -16113?
16106
In base 15, what is 1be76 - -1?
1be77
In base 6, what is 4233531 - 3?
4233524
In base 8, what is 3 - -5616352?
5616355
In base 9, what is -5 + -13320?
-13325
In base 16, what is -1f + 35c?
33d
In base 8, what is -4 + -16272?
-16276
In base 3, what is -12 - -22020110211?
22020110122
In base 8, what is -4 + -32474?
-32500
In base 14, what is 56 + 415?
46b
In base 8, what is -11230 - 2?
-11232
In base 12, what is -2258 + -67?
-2303
In base 5, what is -23442 + -10?
-24002
In base 11, what is -121a5 + 3?
-121a2
In base 9, what is 23 + -111?
-77
In base 7, what is 334 + -1340?
-1003
In base 10, what is -55580 + -21?
-55601
In base 2, what is 10 + 101101110?
101110000
In base 15, what is -4 + 669?
665
In base 7, what is 2 + -310220?
-310215
In base 4, what is 33100033 + 0?
33100033
In base 16, what is -e + 91d?
90f
In base 16, what is 7973 + -41?
7932
In base 3, what is -11 - 200211201?
-200211212
In base 3, what is -111 - 12110102?
-12110220
In base 5, what is 20040 + 444?
21034
In base 8, what is -5 - 505002?
-505007
In base 2, what is -10011100 - -101100110?
11001010
In base 12, what is -5 + -aa7?
-ab0
In base 7, what is 156 + 1665?
2154
In base 11, what is -222816 + 2?
-222814
In base 8, what is 3 - 135550?
-135545
In base 12, what is 3b + 97?
116
In base 7, what is -6 + 25531?
25522
In base 6, what is 35422545 - 0?
35422545
In base 12, what is -a01 + 43?
-97a
In base 12, what is -892 + 30?
-862
In base 14, what is 704a + -30?
701a
In base 5, what is 122312 + -10214?
112043
In base 11, what is -5237 + -9?
-5245
In base 9, what is 2 + -33611?
-33608
In base 6, what is 1331 + 21354?
23125
In base 11, what is -216 + -31?
-247
In base 7, what is -1053216 - -5?
-1053211
In base 11, what is -a1a + 186?
-844
In base 14, what is 13c7 - 346?
1081
In base 11, what is -19 - 67182?
-671a0
In base 16, what is 4 + -8140?
-813c
In base 12, what is 44 - -1459?
14a1
In base 8, what is -54233 - -141?
-54072
In base 12, what is -175 + 279?
104
In base 9, what is -2764 + -368?
-3243
In base 10, what is 402653 - 3?
402650
In base 5, what is 2 + -120243400?
-120243343
In base 7, what is 6 + -26656?
-26650
In base 2, what is 10001001 + -1101000011011?
-1100110010010
In base 6, what is 15352 - -130?
15522
In base 15, what is -3 - cd52?
-cd55
In base 16, what is -b + 3d7?
3cc
In base 8, what is 3 - 11015?
-11012
In base 7, what is -332 + 1025?
363
In base 6, what is 3 - 1025415?
-1025412
In base 8, what is -13713 + -5?
-13720
In base 4, what is -1003101 + -1333?
-1011100
In base 5, what is 10 - -300012?
300022
In base 4, what is 2 - -102313100?
102313102
In base 4, what is 2 + -3123120?
-3123112
In base 10, what is 146798 + 5?
146803
In base 15, what is 78 + 446c?
44e5
In base 9, what is -882 + -28?
-1021
In base 10, what is -31 + -16873?
-16904
In base 12, what is 514 + -23?
4b1
In base 2, what is 11000010 + 1000101111?
1011110001
In base 16, what is -29b4 + -2d?
-29e1
In base 14, what is 45122 + -5?
4511b
In base 6, what is 1 + 145121?
145122
In base 4, what is 2210 + 112122?
120332
In base 3, what is -11010112 + -22012?
-11102201
In base 12, what is -14 - 8273?
-8287
In base 4, what is 11030232 - -32?
11030330
In base 16, what is 6588 - b?
657d
In base 6, what is -1 - 12210135?
-12210140
In base 13, what is 4 + -9c43?
-9c3c
In base 10, what is 19 + 19440?
19459
In base 14, what is -42 - 659?
-69b
In base 16, what is 1ddb + -cf?
1d0c
In base 7, what is 42550462 + 2?
42550464
In base 13